 a factor of 27885?
False
Does 30 divide 181?
False
Does 146 divide 8477?
False
Does 17 divide 1150?
False
Is 44 a factor of 676?
False
Is 901 a multiple of 7?
False
Is 28 a factor of 1456?
True
Is 1654 a multiple of 8?
False
Is 15 a factor of 1890?
True
Does 61 divide 38910?
False
Is 5 a factor of 130?
True
Is 76 a factor of 1824?
True
Does 3 divide 1092?
True
Is 4 a factor of 274?
False
Is 2184 a multiple of 12?
True
Is 4284 a multiple of 12?
True
Does 20 divide 9720?
True
Is 1513 a multiple of 13?
False
Does 71 divide 7739?
True
Does 13 divide 65?
True
Is 1766 a multiple of 20?
False
Is 103 a factor of 12772?
True
Is 332 even?
True
Does 6 divide 43858?
False
Is 13020 a multiple of 217?
True
Is 31825 a multiple of 67?
True
Does 38 divide 12882?
True
Is 171 a multiple of 10?
False
Does 6 divide 58?
False
Is 1430 a multiple of 13?
True
Does 13 divide 2912?
True
Is 31896 a multiple of 36?
True
Is 76200 a multiple of 15?
True
Is 10 a factor of 10063?
False
Is 39449 a multiple of 132?
False
Does 24 divide 19368?
True
Does 15 divide 2559?
False
Is 49858 a multiple of 35?
False
Is 644 a multiple of 46?
True
Is 4680 a multiple of 109?
False
Does 2 divide 437?
False
Is 5383 a multiple of 87?
False
Is 238 a multiple of 9?
False
Is 6 a factor of 287?
False
Is 45 a factor of 84?
False
Does 41 divide 4059?
True
Is 162 a multiple of 8?
False
Is 6 a factor of 794?
False
Does 7 divide 20543?
False
Is 37 a factor of 4070?
True
Is 21 a factor of 508?
False
Does 4 divide 4573?
False
Is 20 a factor of 1000?
True
Is 3 a factor of 16217?
False
Does 16 divide 1399?
False
Is 310 a multiple of 30?
False
Is 540 a multiple of 18?
True
Is 9470 a multiple of 13?
False
Is 17656 a multiple of 4?
True
Does 19 divide 563?
False
Does 22 divide 86124?
False
Is 148 a factor of 2343?
False
Is 3447 a multiple of 18?
False
Is 14364 a multiple of 28?
True
Is 82 a factor of 1880?
False
Is 17792 a multiple of 16?
True
Is 3379 a multiple of 169?
False
Is 137 a multiple of 9?
False
Does 14 divide 2870?
True
Is 69 a factor of 17457?
True
Is 4891 a multiple of 73?
True
Does 30 divide 1007?
False
Is 8436 a multiple of 57?
True
Is 11 a factor of 4504?
False
Is 26 a factor of 2050?
False
Is 3 a factor of 375?
True
Is 7 a factor of 698?
False
Is 3 a factor of 1122?
True
Is 23712 a multiple of 38?
True
Is 7 a factor of 417?
False
Is 875 a multiple of 7?
True
Is 4 a factor of 61?
False
Is 55 a factor of 1485?
True
Does 116 divide 4989?
False
Is 28117 a multiple of 7?
False
Is 337 a multiple of 8?
False
Is 13 a factor of 6253?
True
Does 179 divide 6810?
False
Does 8 divide 32?
True
Is 31 a factor of 11216?
False
Does 128 divide 10950?
False
Does 49 divide 1274?
True
Does 70 divide 2188?
False
Does 26 divide 464?
False
Is 12 a factor of 540?
True
Is 4496 a multiple of 16?
True
Is 63 a factor of 3704?
False
Does 48 divide 19872?
True
Is 97 a factor of 1067?
True
Is 10 a factor of 13210?
True
Does 35 divide 524?
False
Is 7347 a multiple of 32?
False
Is 1949 a multiple of 85?
False
Does 10 divide 9624?
False
Is 13 a factor of 1326?
True
Is 28 a factor of 896?
True
Is 5 a factor of 440?
True
Is 44 a factor of 369?
False
Does 2 divide 5440?
True
Does 20 divide 77487?
False
Is 17 a factor of 3145?
True
Is 5 a factor of 62?
False
Is 7752 a multiple of 134?
False
Is 3528 a multiple of 72?
True
Is 784 a multiple of 4?
True
Is 66 a multiple of 3?
True
Is 34051 a multiple of 96?
False
Does 24 divide 1673?
False
Is 5643 a multiple of 19?
True
Is 4672 a multiple of 73?
True
Does 13 divide 4531?
False
Is 26 a factor of 23957?
False
Is 134 a factor of 4944?
False
Is 28 a factor of 615?
False
Is 10775 a multiple of 14?
False
Is 1627 a multiple of 20?
False
Is 632 a multiple of 31?
False
Does 3 divide 1614?
True
Is 27 a factor of 891?
True
Does 41 divide 495?
False
Is 29 a multiple of 4?
False
Is 7311 a multiple of 13?
False
Is 9 a factor of 10323?
True
Is 32 a factor of 77?
False
Is 181 a factor of 7240?
True
Is 9 a factor of 414?
True
Is 75 a multiple of 9?
False
Does 9 divide 12438?
True
Is 36 a factor of 1296?
True
Does 18 divide 378?
True
Does 11 divide 825?
True
Is 163054 a multiple of 10?
False
Does 6 divide 279?
False
Is 1116 a multiple of 3?
True
Is 3664 a multiple of 59?
False
Does 30 divide 161670?
True
Is 453 a factor of 119592?
True
Is 79 a factor of 2014?
False
Is 8547 a multiple of 62?
False
Is 4916 a multiple of 3?
False
Does 20 divide 300?
True
Is 7 a factor of 7520?
False
Does 39 divide 31785?
True
Is 31 a factor of 1705?
True
Does 112 divide 18144?
True
Does 9 divide 2601?
True
Is 32 a factor of 1632?
True
Does 50 divide 1933?
False
Is 21 a factor of 10227?
True
Is 5945 a multiple of 39?
False
Does 21 divide 1056?
False
Does 11 divide 5742?
True
Is 4992 a multiple of 6?
True
Is 159 a factor of 6201?
True
Is 422 a multiple of 2?
True
Is 33 a factor of 1122?
True
Is 2166 a multiple of 45?
False
Is 13 a factor of 1625?
True
Is 22 a factor of 81111?
False
Is 16 a factor of 1846?
False
Is 25 a factor of 15026?
False
Is 1344 a multiple of 84?
True
Is 924 a multiple of 77?
True
Does 39 divide 6474?
True
Does 15 divide 4100?
False
Does 8 divide 1231?
False
Does 10 divide 45539?
False
Does 14 divide 672?
True
Is 92274 a multiple of 14?
True
Is 7142 a multiple of 2?
True
Is 16 a factor of 2112?
True
Is 1612 a multiple of 31?
True
Is 324 a multiple of 27?
True
Is 8833 a multiple of 52?
False
Does 9 divide 8433?
True
Does 10 divide 5264?
False
Is 57 a factor of 6317?
False
Is 20471 a multiple of 106?
False
Is 10 a factor of 1110?
True
Does 64 divide 462?
False
Does 17 divide 92?
False
Is 824 a multiple of 24?
False
Is 1272 a multiple of 18?
False
Does 3 divide 1071?
True
Does 56 divide 7583?
False
Is 32 a factor of 29340?
False
Is 4 a factor of 81?
False
Is 78 a factor of 11272?
False
Is 29032 a multiple of 38?
True
Is 5 a factor of 1086?
False
Is 24 a factor of 4957?
False
Is 833 a multiple of 7?
True
Does 8 divide 21296?
True
Does 31 divide 363?
False
Is 19 a factor of 17374?
False
Is 499 a multiple of 14?
False
Is 8489 a multiple of 2?
False
Is 16 a factor of 19115?
False
Is 38171 a multiple of 45?
False
Is 41 a factor of 42927?
True
Is 254 a factor of 35560?
True
Does 15 divide 23?
False
Is 99 a factor of 7425?
True
Is 1564 a multiple of 23?
True
Is 19 a factor of 399?
True
Does 74 divide 296?
True
Is 1213 a multiple of 37?
False
Is 54 a factor of 13338?
True
Does 32 divide 3639?
False
Does 21 divide 453?
False
Is 4992 a multiple of 20?
False
Is 82708 a multiple of 62?
True
Is 505 a multiple of 30?
False
Is 578 a multiple of 17?
True
Is 2517 a multiple of 35?
False
Is 23 a factor of 11155?
True
Is 6833 a multiple of 64?
False
Is 172 a multiple of 6?
False
Does 5 divide 238?
False
Is 19314 a multiple of 13?
False
Is 11 a factor of 1268?
False
Does 4 divide 48?
True
Is 18 a factor of 22809?
False
Is 4 a factor of 176?
True
Does 48 divide 117?
False
Does 14 divide 564?
False
Is 42956 a multiple of 10?
False
Is 27 a factor of 49194?
True
Does 14 divide 4284?
True
Is 109 a factor of 2163?
False
Does 64 divide 11613?
False
Does 19 divide 844?
False
Is 4 a factor of 3216?
True
Is 17660 a multiple of 172?
False
Does 2 divide 2?
True
Is 19039 a multiple of 13?
False
Is 33 a factor of 422?
False
Is 20 a factor of 1127?
False
Is 38 a factor of 14250?
True
Is 7 a factor of 108549?
True
Does 14 divide 2461?
False
Is 21 a factor of 1084?
False
Does 10 divide 37424?
False
Is 40 a factor of 529?
False
Is 17 a factor of 2550?
True
Does 14 divide 302?
False
Does 5 divide 30?
True
Is 25 a factor of 559?
False
Is 14 a factor of 1442?
True
Is 4992 a multiple of 26?
True
Does 17 divide 10133?
False
Is 29728 a multiple of 16?
True
Does 20 divide 80?
True
Is 28 a factor of 17009?
False
Is 332 a multiple of 10?
False
Is 63560 a multiple of 113?
False
Does 11 divide 1339?
False
Is 7 a factor of 330?
False
Does 9 divide 746?
False
Is 23 a factor of 508?
False
Does 13 divide 1396?
False
Does 34 divide 5372?
True
Is 11 a factor of 14278?
True
Is 12 a factor of 36696?
True
Does 5 divide 625?
True
Is 588 a multiple of 12?
True
Does 41 divide 3280?
True
Is 4545 a multiple of 52?
False
Is 2 a factor of 183?
False
Is 6 a factor of 282?
True
Does 2 divide 57?
False
Is 13 a factor of 37?
False
Does 10 divide 20?
True
Does 10 divid